ue of (-62 + -69 - -60) + 12?
-59
What is the value of 9 + (-6 - (-20 - -4 - (-34 - -47)))?
32
-2 - 108 - ((38 - 2) + 169 + -219)
-96
Calculate 35 + -40 + (4 - (-18 + 4)).
13
What is the value of 17 + (-26 - -18 - (-23 + 44))?
-12
Calculate -1066 + 971 - ((1 - -5) + (-6 - (-2 - 2))).
-99
Calculate -59 + (8 + -8 - (1 - 17)).
-43
Evaluate 10 + 6 + -32 - (52 - 82).
14
What is -41 - (6 - 50 - 39)?
42
Evaluate -2 + 15 + -52 + -30 + 29.
-40
What is the value of -18 + (-10 - (1 + (-24 - -11) + -7))?
-9
Evaluate -33 + (41 - 54) - 19.
-65
(3 - (14 + -3)) + (-9 - (2 - 1) - -8)
-10
Calculate -2 + (-2 - 0) - (151 + -88).
-67
What is the value of 0 - -39 - (19 + -1 + -31 - -20)?
32
Calculate 64 + -5 - ((-14 - 25) + -6 + 28).
76
-36 + -1 - (657 + -722)
28
What is the value of -2 - -13 - ((365 - 333) + 15 + 3)?
-39
What is 21 + 0 + -5 + (-153 - -144) + 13?
20
Evaluate (-2 - -72) + (-11 - 1) + -12 + -1 + 12.
57
What is the value of -5 - 0 - (-16 + -23 + 35 - -69)?
-70
(-2 - -22) + (-3357 - -3434)
97
What is (53 + -16 - -2) + 7?
46
Evaluate (22 + 66 - 114) + (-27 - 2).
-55
What is -28868 + 28776 + (-3 - -2) + 24?
-69
What is (-58 - (-14 - -29) - -5) + 4?
-64
Evaluate -1 + -10 + 43 + (5 - (-12 - -58)).
-9
What is the value of 14 + (26 - 31 - -17 - -5)?
31
Evaluate 5 - -5 - (-6 - (-17 + -2) - -17).
-20
Evaluate 1 + 11 - (-21 + 32 + 11).
-10
What is (7 - -77) + -233 + 196?
47
12 + (2 - -13) + (-118 - 27 - -25)
-93
Calculate 40 - 2 - ((-24 - -2) + 296 + -284).
48
Evaluate -6 - (-47 - -32) - (-1 + 38).
-28
What is the value of 3 - 0 - (2 - -6) - 8 - 15?
-28
2 - (-9 - (-396 + 393 + -12 + 0))
-4
What is the value of 90 + -114 + 163 - (12 + 4)?
123
Evaluate (-25 + -12 - 8) + 14 + 8.
-23
(23 - -1) + (20 + 134 - 141)
37
(-22 - (-5 - 13)) + -8 - (-65 - 3)
56
Evaluate 5 - (6 + (0 - -27) + -9).
-19
Evaluate (-32 + 12 - -6) + -35 - -2.
-47
-65 + 0 - (4561 - 4677)
51
Calculate -80 + 73 - (-52 - -17).
28
What is the value of 18 + (9 - (48 + -11)) + -7 + (-10 - 86)?
-113
15 + -1 + 17 + (0 - 11 - (329 - 335))
26
(-19 - (9 - 8) - -5 - -3) + (-7 - -9)
-10
Calculate (48 - 2) + 3 + -1 + (-12 - -4) + -4.
36
Evaluate (90 - (27 + 59)) + 75 + 1.
80
Calculate -5 + -13 + 55 + -8 - (4 - -21).
4
6 + -57 + 5 + (2 - (3 - 3)) - -11
-33
What is the value of 9 - (2 + 4) - (11 + -15 + -6)?
13
What is 6 - ((-8 - (-25 - -7)) + -66) - -4?
66
Calculate 112 + -82 - (-16 - (31 - 20)).
57
Calculate 5 + -25 + (-301 - -315) + 0 + 20.
14
Calculate (4 - -1) + (23 + -12 + -15 - -5).
6
Calculate ((-2 - 3) + -35 - -3) + (142 - 137).
-32
What is (-4 - -49) + (-878 - -905)?
72
What is the value of -5 + -2 - (-23 - -22 - (5 + 30 + 4))?
33
What is the value of -59 + 163 + (32 - (-13 - -40))?
109
What is the value of 20 - ((-9 - 12) + 35) - 20?
-14
What is the value of 14 - (20 + 12) - -30 - 29?
-17
Calculate 4 + (-24 + 44 - 7) - 21 - 43.
-47
(1 - (4 + (-10 - 5))) + (-83 - (-10 - -29))
-90
What is 3 + 15 + -8 + (5 - 0) - -2?
17
Evaluate -1 - -50 - (-49 - -94).
4
What is the value of 29 + (-59 - -37) + -42 - -25?
-10
What is the value of 30 + -1 + 12 + -21 + -81?
-61
Evaluate (-4 + (0 - 3) - (-613 - -618)) + 16.
4
Calculate -133 - -15 - -71 - -88.
41
(-38 - -36) + (3 + -71 - 2) + (8 - 3)
-67
What is (-53 - ((-2 - -7) + -1 - 10)) + (3 - 13)?
-57
Calculate (42 - 36) + -14 + -1 - (-68 - -77).
-18
Evaluate (-341 - -31 - -48) + 137.
-125
Evaluate 13953 + -14012 + 2 + -56.
-113
Calculate -1 + -88 + (2147 - 2073).
-15
What is 99 + 2 - (1896 + -1670)?
-125
Evaluate (61 - 60) + -112 + 154.
43
Evaluate -15 - (-6 + 32 - (-80 - -96)).
-25
What is the value of -741 + 772 + (-159 - -13)?
-115
Calculate 18 + (7 - (-16 - -38)) + 2 + -19.
-14
18 + -19 + -1 + -6
-8
What is the value of (22 - (-9 - -3)) + (-77 - (-103 + 44))?
10
Evaluate (-3 - -4) + -8 + (57 - (63 + -3)).
-10
What is 64 - (18 + 1 - (80 - 73))?
52
(7 - 21) + -27 + 53
12
Evaluate (-6 - 8) + (-35 - (4 + -17 + 12)).
-48
Calculate 35 - (32 + 80 + -55).
-22
What is the value of -48 - ((3 - 6) + (-21 - -1) + 9)?
-34
Calculate -58 - (-14 - -11 - (-9 - -18)).
-46
Calculate -40 - (-23 + 17 + -16) - -47.
29
Calculate 41 - (24 + 34) - (5 + -111).
89
Calculate (-22 - (3 - 29)) + -77.
-73
Evaluate 2 - 98 - (509 + -546 + 40 + 0).
-99
What is 43 - ((38 - 35 - -9) + -1 + 3 + -25)?
54
Calculate 191 - 221 - (-4 - -13 - 13).
-26
What is 46 + -39 + -24 + 65?
48
5 + 92 + 303 + -324
76
Evaluate (-20 + 33 + (3 - 6) - 5) + -35.
-30
(-51 - 4) + (-10 + 2 + -14 - -18)
-59
What is (66 + -62 - (-11 - -1)) + (-14 - -21)?
21
Evaluate 37 - (55 + -37) - 45.
-26
What is 49 + 3 - ((9 - (0 + (-14 - -15))) + 2)?
42
0 + -18 - (20 - (27 + -16) - 22)
-5
What is the value of (0 - 45) + 230 + -119 + -19 + 1?
48
Calculate -11613 - -11562 - (1 + -154).
102
What is the value of 21 - 5 - (19 + -3 + -4) - -7?
11
What is the value of 57 + -38 - (15 - (18 - -31))?
53
What is the value of -9 - (5 - (-5 - (-27 - -9)))?
-1
-38 + -35 + -10 + (-3 - -27)
-59
Calculate 28 - (35 + -15 + 14) - (-11 - -1).
4
What is 0 - -1 - (-5 + (91 - 131))?
46
What is the value of (1 - 2) + -2 - -11 - (-20 + (6 - -54))?
-32
Evaluate (-2 - 12) + -28 - (-37 + 2).
-7
What is the value of 2 - 5 - (-10 - 23)?
30
What is -7 + (12 - -79 - 99)?
-15
What is the value of 1 - 9 - ((-52 - 44) + 43 + (1 - 12))?
56
What is the value of (17 - (-4 - -26 - -23)) + 12?
-16
What is the value of -46 + -4 + 17 + -15?
-48
Evaluate 44 + (191 + -189 - ((-3 - -2) + -6)).
53
What is (-50 - (-47 + 6)) + -4 + 0 + 9?
-4
What is (0 - 3) + -62 - (-353 + 347 + 9 + 0)?
-68
Calculate 18 + (-9 - 3) + (-6 + 0 - -29).
29
What is the value of -18 + -1 + 2 + -13 - 3?
-33
57 - (-8 + (-57 - -148))
-26
Calculate (-16 - -39) + -55 + (18 - 1).
-15
Evaluate (3 - -27 - (-2 + -1)) + (19 - 16).
36
Calculate (12 - (19 + 5) - -4) + 9.
1
-43 - ((1671 - 1655) + (-1 - -1 - 15))
-44
Evaluate -10 + 0 - (20 + 72 - 77).
-25
What is the value of 4 - 5 - (-5 + (-59 - -49)) - (-54 + 1)?
67
Evaluate 93 - -25 - 87 - 116.
-85
Calculate (-42 - -8) + (16 + -8 + -10 - -11).
-25
What is (2 - 5) + 56 - -2 - (90 + 3 + -82)?
44
What is the value of (-23 - (-37 + 70)) + 31?
-25
What is -42 + (0 - -5) + (353 - 373) - (1 + -12)?
-46
Calculate 37 + (-57 + 13 - -72).
65
Calculate (1905 - 1874) + (-1 - 37).
-7
Calculate 6 + -30 + (711 - 705).
-18
Calculate -41 + -1 + (-309 - -337) - (0 - -11).
-25
Calculate 72 - (30 - (-8 + 35)).
69
-43 - ((-40 + 73 - 25) + (-1 - 3))
-47
What is 0 + (-1 - (-1 - -2)) - (221 - (100 - 34))?
-157
Evaluate 0 + -6 - (0 + -1 + 0) - (-10933 + 10903).
25
Evaluate ((-8 - -7) + 14 - (-42 + 58)) + 122.
119
Calculate 3 - (9 + (-6 - -5)) - (-3 + 10).
-12
What is -24 + 37 + -31 + 5?
-13
-13 + 12 + (4 - 16) + -14
-27
What is -5 + (4 + (-4 - -5) - (21 + -11))?
-10
What is the value of 23 - 67 - -77 - (0 + -10)?
43
What is -2 + (-36 - (3 - (9 - 1)) - -6)?
-27
Calculate -160 + -14 + (161 - -97).
84
(-3 - -44 - 48) + 14
7
Calculate (-15 - (11 - 122)) + (6 - (27 + -6)).
81
Calculate -6 + 0 + (-30 + -23 + 57 - 23).
-25
Calculate -2 + -1 + 11 + 315 + -312.
11
What is the value of 12 + (-1 - -1) + (34 - (12 - -14))?
20
What is (-2 - (-3 + -4)) + (-18 - -18) - (39 - -12)?
-46
What is the value of 19 + -28 + 8 + 34 + 50?
83
Calculate (-6 + 24 + -26 - -19 - 14) + -57.
-60
Evaluate (39 - 4) + -26 + (1 - 2) + -1.
7
61 + 16 + -53 + -3
21
What is -3 + 2 + 11 - (9 - (19 + -15 - 41))?
-36
1 + 5 - (-24 + (3 + 0 - -13))
14
What is the value of 9 - (23559 - 23609 - (0 - (1 + 2 - -1)))?
55
What is the value of (-29 - (-25 - -3)) + (36 - -5) + 3?
37
What is the value of -2 - ((90 - 16) + -7)?
-69
1 + 33 + (4146 - 4079)
101
(-15 - (-65 + 27)) + -12 + -2
9
What is the value of -1 + 7 + -5 + 8 - (-7 + -61)?
77
What is 198 - 94 - 63 - 70?
-29
Calculate 20 - 25 - (-41 + 45 + 8 + -1).
-16
Calculate -75 - (-53 - (6 - 19)).
-35
Calculate -279 + 301 - (1 - (-1 + 16)).
36
Calculate 6 + 2 + (26 - (-6 + 32 + 30)) + 1.
-21
Evaluate 377 + -377 - (8 + -2 - -3) - 0.
-9
Calculate 7 + -5 - 9 - (-1422 + 1370).
45
What is the value of (4 + -14 - -20) + (-59 - 26) + (7 - -1)?
-67
What is the value of (3 + -16 - -1) + 58?
46
Evaluate -183 - ((-108 - -132) + -147).
-60
What is -74 - -26 - 20 - -48?
-20
What is 18 + 36 + 8 + (-3 - (-20 - -2))?
77
Calculate 72 + -1 - 39 - 15.
17
Evaluate 59 - -2 - ((14 - 14 - -17 - 5) + -23).
72
328 + -3